What is the remainder when 287428 is divided by 9201?
2197
What is the remainder when 409419 is divided by 9296?
395
Calculate the remainder when 19854792 is divided by 738.
378
Calculate the remainder when 5544711 is divided by 158.
17
Calculate the remainder when 121611 is divided by 163.
13
Calculate the remainder when 2261337 is divided by 2398.
23
Calculate the remainder when 27133382 is divided by 2261112.
38
Calculate the remainder when 13850 is divided by 5575.
2700
Calculate the remainder when 482112118 is divided by 210.
208
Calculate the remainder when 5958907 is divided by 856.
291
Calculate the remainder when 37945 is divided by 4666.
617
Calculate the remainder when 67619 is divided by 7182.
2981
What is the remainder when 82601 is divided by 1877?
13
Calculate the remainder when 1245416 is divided by 3663.
3659
Calculate the remainder when 7195391 is divided by 3597689.
13
Calculate the remainder when 12956897 is divided by 5.
2
Calculate the remainder when 10230841 is divided by 79928.
57
What is the remainder when 23302406 is divided by 429?
413
Calculate the remainder when 776573 is divided by 194131.
49
Calculate the remainder when 9298847 is divided by 8873.
8816
What is the remainder when 3782145 is divided by 945531?
21
Calculate the remainder when 2830247 is divided by 181.
131
What is the remainder when 57660 is divided by 13981?
1736
Calculate the remainder when 47117734 is divided by 1727.
1720
Calculate the remainder when 8728174 is divided by 8.
6
What is the remainder when 890777 is divided by 5462?
471
What is the remainder when 152774 is divided by 2350?
24
Calculate the remainder when 95235759 is divided by 2441942.
21
Calculate the remainder when 101015 is divided by 1683.
35
Calculate the remainder when 15647724 is divided by 2.
0
Calculate the remainder when 625394 is divided by 24.
2
Calculate the remainder when 553226 is divided by 396.
14
What is the remainder when 56640 is divided by 25700?
5240
Calculate the remainder when 4784171 is divided by 1594716.
23
What is the remainder when 628 is divided by 275?
78
Calculate the remainder when 1566613 is divided by 280.
13
What is the remainder when 41781754 is divided by 31?
16
Calculate the remainder when 107762 is divided by 2927.
2390
Calculate the remainder when 306508855 is divided by 23.
22
Calculate the remainder when 24004410 is divided by 12.
6
What is the remainder when 1896801 is divided by 6125?
4176
What is the remainder when 320996 is divided by 1019?
11
Calculate the remainder when 2077 is divided by 1434.
643
Calculate the remainder when 338115 is divided by 251.
18
Calculate the remainder when 44211 is divided by 40115.
4096
Calculate the remainder when 76375 is divided by 1626.
1579
Calculate the remainder when 4764422 is divided by 1704.
38
What is the remainder when 4178772 is divided by 928?
916
Calculate the remainder when 1246909 is divided by 551.
547
What is the remainder when 1133605 is divided by 653?
650
Calculate the remainder when 80154 is divided by 5721.
60
Calculate the remainder when 91950477 is divided by 19.
15
Calculate the remainder when 2071308 is divided by 406.
302
Calculate the remainder when 1776093 is divided by 1057.
333
Calculate the remainder when 56663 is divided by 1854.
1043
Calculate the remainder when 118548 is divided by 37489.
6081
What is the remainder when 5297498 is divided by 2084?
2054
Calculate the remainder when 266869 is divided by 262156.
4713
What is the remainder when 57977640 is divided by 22?
6
Calculate the remainder when 36133582 is divided by 21.
16
Calculate the remainder when 1938474 is divided by 242271.
306
What is the remainder when 6443966 is divided by 373?
18
What is the remainder when 12515 is divided by 6240?
35
Calculate the remainder when 16791893 is divided by 30642.
77
What is the remainder when 114328 is divided by 22?
16
What is the remainder when 2339651 is divided by 94?
85
Calculate the remainder when 12296 is divided by 75.
71
Calculate the remainder when 3081352455 is divided by 82.
79
Calculate the remainder when 20908292 is divided by 73.
70
Calculate the remainder when 5753311 is divided by 230132.
11
Calculate the remainder when 7017628 is divided by 292399.
52
What is the remainder when 11828026 is divided by 11828023?
3
What is the remainder when 31991 is divided by 20950?
11041
Calculate the remainder when 3746172 is divided by 3765.
3762
What is the remainder when 1555572 is divided by 45737?
514
What is the remainder when 35490 is divided by 1488?
1266
Calculate the remainder when 6548723 is divided by 109.
3
What is the remainder when 374038 is divided by 31149?
250
Calculate the remainder when 225982909 is divided by 1613.
1609
What is the remainder when 196049 is divided by 113?
107
Calculate the remainder when 17717869 is divided by 632781.
1
Calculate the remainder when 93616405 is divided by 409.
395
What is the remainder when 105464 is divided by 9781?
7654
What is the remainder when 88328 is divided by 44131?
66
What is the remainder when 388679 is divided by 6263?
373
Calculate the remainder when 37097 is divided by 36816.
281
What is the remainder when 392723 is divided by 30205?
58
What is the remainder when 63828570 is divided by 5802595?
25
What is the remainder when 1093129 is divided by 130?
89
What is the remainder when 285431 is divided by 892?
883
What is the remainder when 9113590 is divided by 172?
170
Calculate the remainder when 9377 is divided by 505.
287
Calculate the remainder when 1452658656 is divided by 4141.
4138
What is the remainder when 740456 is divided by 558?
548
What is the remainder when 253450 is divided by 3419?
444
Calculate the remainder when 45902 is divided by 4124.
538
Calculate the remainder when 3277441 is divided by 480.
1
What is the remainder when 3719794 is divided by 551?
544
Calculate the remainder when 31021085 is divided by 1292544.
29
Calculate the remainder when 359372 is divided by 517.
57
Calculate the remainder when 50012 is divided by 9559.
2217
Calculate the remainder when 697757 is divided by 25842.
23
What is the remainder when 23945 is divided by 7342?
1919
What is the remainder when 25243 is divided by 25163?
80
What is the remainder when 60902920 is divided by 8531?
111
What is the remainder when 21921048 is divided by 1376?
1368
What is the remainder when 2999027 is divided by 88198?
295
Calculate the remainder when 607033 is divided by 4935.
28
What is the remainder when 8600805 is divided by 2866931?
12
Calculate the remainder when 4222745 is divided by 43089.
23
Calculate the remainder when 150196811 is divided by 5554.
5543
What is the remainder when 3557057 is divided by 14883?
20
Calculate the remainder when 1037551 is divided by 1338.
601
Calculate the remainder when 447031 is divided by 6475.
256
What is the remainder when 3383722 is divided by 72?
10
What is the remainder when 178490 is divided by 8922?
50
Calculate the remainder when 1310878 is divided by 5531.
31
Calculate the remainder when 56522677 is divided by 1448.
1445
Calculate the remainder when 187218 is divided by 20645.
1413
Calculate the remainder when 191858 is divided by 776.
186
What is the remainder when 76209530 is divided by 25403173?
11
What is the remainder when 837522 is divided by 1529?
1159
Calculate the remainder when 2364413 is divided by 170.
53
Calculate the remainder when 8647956 is divided by 655.
646
What is the remainder when 20345 is divided by 20182?
163
What is the remainder when 7311180 is divided by 3655587?
6
What is the remainder when 1162180 is divided by 581083?
14
Calculate the remainder when 217871651 is divided by 94.
49
What is the remainder when 22125878 is divided by 3687630?
98
What is the remainder when 2314067 is divided by 85?
27
Calculate the remainder when 34749 is divided by 1488.
525
What is the remainder when 7602973 is divided by 2534266?
175
What is the remainder when 3103000 is divided by 115?
70
Calculate the remainder when 255548 is divided by 23229.
29
What is the remainder when 16485049 is divided by 25?
24
What is the remainder when 39642904 is divided by 306?
298
What is the remainder when 1428423 is divided by 75176?
79
What is the remainder when 1705573 is divided b